n 2136 is divided by 986?
164
Calculate the remainder when 21412 is divided by 49.
48
What is the remainder when 6058 is divided by 3028?
2
Calculate the remainder when 66657 is divided by 220.
217
Calculate the remainder when 2565 is divided by 961.
643
Calculate the remainder when 17498 is divided by 3452.
238
What is the remainder when 127440 is divided by 29?
14
What is the remainder when 1801 is divided by 225?
1
What is the remainder when 19874 is divided by 6622?
8
Calculate the remainder when 165891 is divided by 129.
126
What is the remainder when 693 is divided by 140?
133
What is the remainder when 2228 is divided by 44?
28
Calculate the remainder when 197218 is divided by 2191.
28
Calculate the remainder when 1745 is divided by 268.
137
What is the remainder when 549574 is divided by 6?
4
What is the remainder when 86738 is divided by 183?
179
Calculate the remainder when 208727 is divided by 26.
25
Calculate the remainder when 8601 is divided by 1433.
3
Calculate the remainder when 384445 is divided by 31.
14
What is the remainder when 6867 is divided by 528?
3
What is the remainder when 5783 is divided by 5776?
7
What is the remainder when 11821 is divided by 11677?
144
What is the remainder when 4547 is divided by 6?
5
Calculate the remainder when 18669 is divided by 330.
189
What is the remainder when 130898 is divided by 70?
68
What is the remainder when 20951 is divided by 216?
215
Calculate the remainder when 43203 is divided by 87.
51
What is the remainder when 20941 is divided by 3488?
13
What is the remainder when 16771 is divided by 55?
51
Calculate the remainder when 134736 is divided by 33680.
16
What is the remainder when 78204 is divided by 114?
0
Calculate the remainder when 3309 is divided by 218.
39
Calculate the remainder when 166316 is divided by 1188.
1184
What is the remainder when 4123 is divided by 140?
63
Calculate the remainder when 3585 is divided by 189.
183
What is the remainder when 116005 is divided by 1074?
13
Calculate the remainder when 10487 is divided by 19.
18
Calculate the remainder when 3358 is divided by 510.
298
What is the remainder when 17063 is divided by 237?
236
What is the remainder when 2512 is divided by 480?
112
What is the remainder when 597147 is divided by 936?
915
What is the remainder when 49209 is divided by 47?
0
What is the remainder when 90566 is divided by 15082?
74
Calculate the remainder when 109310 is divided by 216.
14
What is the remainder when 31933 is divided by 863?
2
Calculate the remainder when 6361 is divided by 277.
267
What is the remainder when 1389 is divided by 216?
93
What is the remainder when 567113 is divided by 2224?
2217
Calculate the remainder when 20106 is divided by 329.
37
Calculate the remainder when 1544491 is divided by 347.
341
What is the remainder when 465 is divided by 243?
222
What is the remainder when 36020 is divided by 43?
29
Calculate the remainder when 11301 is divided by 168.
45
What is the remainder when 3285 is divided by 303?
255
What is the remainder when 96877 is divided by 201?
196
What is the remainder when 85624 is divided by 28533?
25
Calculate the remainder when 100448 is divided by 628.
596
What is the remainder when 966 is divided by 338?
290
Calculate the remainder when 489 is divided by 195.
99
What is the remainder when 20249 is divided by 243?
80
Calculate the remainder when 5054 is divided by 81.
32
What is the remainder when 12695 is divided by 91?
46
Calculate the remainder when 17832 is divided by 143.
100
Calculate the remainder when 2690 is divided by 245.
240
What is the remainder when 88288 is divided by 88275?
13
Calculate the remainder when 501362 is divided by 197.
194
What is the remainder when 6775 is divided by 6762?
13
What is the remainder when 15984 is divided by 60?
24
What is the remainder when 116543 is divided by 1387?
35
What is the remainder when 1034 is divided by 1034?
0
What is the remainder when 12650 is divided by 1561?
162
Calculate the remainder when 172932 is divided by 169.
45
Calculate the remainder when 3117 is divided by 604.
97
What is the remainder when 5431 is divided by 218?
199
Calculate the remainder when 985 is divided by 116.
57
What is the remainder when 103683 is divided by 12?
3
Calculate the remainder when 2397 is divided by 15.
12
Calculate the remainder when 3399 is divided by 262.
255
What is the remainder when 2666 is divided by 569?
390
What is the remainder when 24073 is divided by 10?
3
What is the remainder when 22477 is divided by 977?
6
Calculate the remainder when 401018 is divided by 401011.
7
Calculate the remainder when 2399 is divided by 15.
14
Calculate the remainder when 290 is divided by 68.
18
What is the remainder when 11828 is divided by 183?
116
Calculate the remainder when 2823 is divided by 132.
51
Calculate the remainder when 2660820 is divided by 17.
14
Calculate the remainder when 5862 is divided by 1131.
207
What is the remainder when 7241 is divided by 2411?
8
Calculate the remainder when 3747 is divided by 1234.
45
What is the remainder when 2956 is divided by 586?
26
Calculate the remainder when 41721 is divided by 1018.
1001
Calculate the remainder when 58967 is divided by 54.
53
What is the remainder when 114845 is divided by 515?
0
Calculate the remainder when 6133 is divided by 160.
53
What is the remainder when 19915 is divided by 24?
19
What is the remainder when 52249 is divided by 25?
24
Calculate the remainder when 15302 is divided by 15268.
34
Calculate the remainder when 677 is divided by 169.
1
What is the remainder when 282 is divided by 14?
2
What is the remainder when 3024 is divided by 2472?
552
Calculate the remainder when 5495 is divided by 116.
43
What is the remainder when 414 is divided by 401?
13
What is the remainder when 2058 is divided by 43?
37
Calculate the remainder when 63245 is divided by 78.
65
What is the remainder when 1646546 is divided by 19?
6
Calculate the remainder when 12314 is divided by 1776.
1658
Calculate the remainder when 63867 is divided by 14.
13
Calculate the remainder when 1697 is divided by 105.
17
What is the remainder when 6122 is divided by 11?
6
What is the remainder when 13197 is divided by 941?
23
What is the remainder when 551573 is divided by 18?
17
What is the remainder when 53695 is divided by 1013?
6
Calculate the remainder when 6892 is divided by 614.
138
Calculate the remainder when 47196 is divided by 109.
108
Calculate the remainder when 150 is divided by 129.
21
Calculate the remainder when 18489 is divided by 4615.
29
What is the remainder when 48093 is divided by 342?
213
Calculate the remainder when 8179 is divided by 597.
418
Calculate the remainder when 2322 is divided by 669.
315
What is the remainder when 376860 is divided by 24?
12
Calculate the remainder when 247895 is divided by 61971.
11
What is the remainder when 218235 is divided by 155?
150
What is the remainder when 64311 is divided by 731?
714
What is the remainder when 59471 is divided by 472?
471
What is the remainder when 3229 is divided by 96?
61
What is the remainder when 11115 is divided by 1851?
9
Calculate the remainder when 597673 is divided by 31.
24
What is the remainder when 3228 is divided by 1054?
66
Calculate the remainder when 80204 is divided by 40004.
196
What is the remainder when 1465 is divided by 296?
281
Calculate the remainder when 443 is divided by 278.
165
Calculate the remainder when 3095 is divided by 2877.
218
What is the remainder when 1665 is divided by 545?
30
What is the remainder when 32735 is divided by 93?
92
Calculate the remainder when 45311 is divided by 24.
23
Calculate the remainder when 561056 is divided by 20.
16
Calculate the remainder when 290324 is divided by 34.
32
Calculate the remainder when 1141 is divided by 60.
1
Calculate the remainder when 18237 is divided by 240.
237
What is the remainder when 12065 is divided by 402?
5
What is the remainder when 1503 is divided by 252?
243
What is the remainder when 2635 is divided by 362?
101
What is the remainder when 187845 is divided by 18784?
5
What is the remainder when 36257 is divided by 35?
32
Calculate the remainder when 11798 is divided by 3869.
191
Calculate the remainder when 148 is divided by 10.
8
What